{"id":2124,"date":"2020-05-11T10:08:59","date_gmt":"2020-05-11T07:08:59","guid":{"rendered":"http:\/\/localhost\/theratio\/?page_id=2124"},"modified":"2021-12-03T13:00:30","modified_gmt":"2021-12-03T10:00:30","slug":"hakkimizda","status":"publish","type":"page","link":"http:\/\/safakdamper.com\/index.php\/hakkimizda\/","title":{"rendered":"Hakk\u0131m\u0131zda"},"content":{"rendered":"\t\t<div data-elementor-type=\"wp-page\" data-elementor-id=\"2124\" class=\"elementor elementor-2124\" data-elementor-settings=\"[]\">\n\t\t\t\t\t\t\t<div class=\"elementor-section-wrap\">\n\t\t\t\t\t\t\t<section class=\"elementor-section elementor-top-section elementor-element elementor-element-14c9f1c elementor-section-boxed elementor-section-height-default elementor-section-height-default\" data-id=\"14c9f1c\" data-element_type=\"section\" data-settings=\"{&quot;background_background&quot;:&quot;classic&quot;}\">\n\t\t\t\t\t\t<div class=\"elementor-container elementor-column-gap-default\">\n\t\t\t\t\t<div class=\"elementor-column elementor-col-100 elementor-top-column elementor-element elementor-element-53b5309 ot-flex-column-vertical\" data-id=\"53b5309\" data-element_type=\"column\">\n\t\t\t<div class=\"elementor-widget-wrap elementor-element-populated\">\n\t\t\t\t\t\t\t\t<div class=\"elementor-element elementor-element-10675aa theratio-align-center elementor-widget elementor-widget-iheading\" data-id=\"10675aa\" data-element_type=\"widget\" data-widget_type=\"iheading.default\">\n\t\t\t\t<div class=\"elementor-widget-container\">\n\t\t\t\t\t<div class=\"ot-heading is-dots\">\n\t        \t            <span>[ hakk\u0131m\u0131zda ]<\/span>\n\t        \t        <h2 class=\"main-heading\">Biz Kimiz ?<\/h2>\n\t        \t    <\/div>\n\t    \t\t<\/div>\n\t\t\t\t<\/div>\n\t\t\t\t<section class=\"elementor-section elementor-inner-section elementor-element elementor-element-7d6d3a7 elementor-section-full_width elementor-section-content-middle elementor-section-height-default elementor-section-height-default\" data-id=\"7d6d3a7\" data-element_type=\"section\">\n\t\t\t\t\t\t<div class=\"elementor-container elementor-column-gap-extended\">\n\t\t\t\t\t<div class=\"elementor-column elementor-col-33 elementor-inner-column elementor-element elementor-element-3058eab ot-flex-column-vertical\" data-id=\"3058eab\" data-element_type=\"column\">\n\t\t\t<div class=\"elementor-widget-wrap elementor-element-populated\">\n\t\t\t\t\t\t\t\t<div class=\"elementor-element elementor-element-f1fdd52 elementor-widget elementor-widget-heading\" data-id=\"f1fdd52\" data-element_type=\"widget\" data-widget_type=\"heading.default\">\n\t\t\t\t<div class=\"elementor-widget-container\">\n\t\t\t<h6 class=\"elementor-heading-title elementor-size-default\">01.<\/h6>\t\t<\/div>\n\t\t\t\t<\/div>\n\t\t\t\t<div class=\"elementor-element elementor-element-0110593 elementor-widget elementor-widget-text-editor\" data-id=\"0110593\" data-element_type=\"widget\" data-widget_type=\"text-editor.default\">\n\t\t\t\t<div class=\"elementor-widget-container\">\n\t\t\t\t\t\t\t<div class=\"elementor-element elementor-element-6eb669c elementor-widget elementor-widget-heading\" data-id=\"6eb669c\" data-element_type=\"widget\" data-widget_type=\"heading.default\"><div class=\"elementor-widget-container\"><h6 class=\"elementor-heading-title elementor-size-default\">Yarat\u0131c\u0131 Fikirler<\/h6><\/div><\/div><div class=\"elementor-element elementor-element-0110593 elementor-widget elementor-widget-text-editor\" data-id=\"0110593\" data-element_type=\"widget\" data-widget_type=\"text-editor.default\"><div class=\"elementor-widget-container\"><p>Damper imalat\u0131nda kendimize \u00f6zel modellere sahip patentli tasar\u0131mlar\u0131m\u0131z ile faaliyet g\u00f6stermekteyiz<\/p><\/div><\/div>\t\t\t\t\t\t<\/div>\n\t\t\t\t<\/div>\n\t\t\t\t<div class=\"elementor-element elementor-element-1b1978e elementor-widget elementor-widget-heading\" data-id=\"1b1978e\" data-element_type=\"widget\" data-widget_type=\"heading.default\">\n\t\t\t\t<div class=\"elementor-widget-container\">\n\t\t\t<h6 class=\"elementor-heading-title elementor-size-default\">02.<\/h6>\t\t<\/div>\n\t\t\t\t<\/div>\n\t\t\t\t<div class=\"elementor-element elementor-element-78334a3 elementor-widget elementor-widget-text-editor\" data-id=\"78334a3\" data-element_type=\"widget\" data-widget_type=\"text-editor.default\">\n\t\t\t\t<div class=\"elementor-widget-container\">\n\t\t\t\t\t\t\t<div class=\"elementor-element elementor-element-84a68c1 elementor-widget elementor-widget-heading\" data-id=\"84a68c1\" data-element_type=\"widget\" data-widget_type=\"heading.default\"><div class=\"elementor-widget-container\"><h6 class=\"elementor-heading-title elementor-size-default\">Uygun Fiyat<\/h6><\/div><\/div><div class=\"elementor-element elementor-element-78334a3 elementor-widget elementor-widget-text-editor\" data-id=\"78334a3\" data-element_type=\"widget\" data-widget_type=\"text-editor.default\"><div class=\"elementor-widget-container\"><p>Fiyatlar\u0131m\u0131zla Piyasada Her Zaman Rekabet\u00e7iyiz.<\/p><\/div><\/div><p>\u00a0<\/p>\t\t\t\t\t\t<\/div>\n\t\t\t\t<\/div>\n\t\t\t\t\t<\/div>\n\t\t<\/div>\n\t\t\t\t<div class=\"elementor-column elementor-col-33 elementor-inner-column elementor-element elementor-element-794845d ot-flex-column-vertical\" data-id=\"794845d\" data-element_type=\"column\">\n\t\t\t<div class=\"elementor-widget-wrap elementor-element-populated\">\n\t\t\t\t\t\t\t\t<div class=\"elementor-element elementor-element-7dbdd3c elementor-widget elementor-widget-image\" data-id=\"7dbdd3c\" data-element_type=\"widget\" data-widget_type=\"image.default\">\n\t\t\t\t<div class=\"elementor-widget-container\">\n\t\t\t\t\t\t\t\t\t\t\t\t\t\t\t<img loading=\"lazy\" decoding=\"async\" width=\"257\" height=\"250\" src=\"http:\/\/safakdamper.com\/wp-content\/uploads\/2020\/06\/logo.png\" class=\"attachment-full size-full\" alt=\"\" \/>\t\t\t\t\t\t\t\t\t\t\t\t\t\t\t<\/div>\n\t\t\t\t<\/div>\n\t\t\t\t\t<\/div>\n\t\t<\/div>\n\t\t\t\t<div class=\"elementor-column elementor-col-33 elementor-inner-column elementor-element elementor-element-47d3b21 ot-flex-column-vertical\" data-id=\"47d3b21\" data-element_type=\"column\">\n\t\t\t<div class=\"elementor-widget-wrap elementor-element-populated\">\n\t\t\t\t\t\t\t\t<div class=\"elementor-element elementor-element-9791c81 elementor-widget elementor-widget-heading\" data-id=\"9791c81\" data-element_type=\"widget\" data-widget_type=\"heading.default\">\n\t\t\t\t<div class=\"elementor-widget-container\">\n\t\t\t<h6 class=\"elementor-heading-title elementor-size-default\">03.<\/h6>\t\t<\/div>\n\t\t\t\t<\/div>\n\t\t\t\t<div class=\"elementor-element elementor-element-a0b3dac elementor-widget elementor-widget-text-editor\" data-id=\"a0b3dac\" data-element_type=\"widget\" data-widget_type=\"text-editor.default\">\n\t\t\t\t<div class=\"elementor-widget-container\">\n\t\t\t\t\t\t\t<div class=\"elementor-element elementor-element-2dbee90 elementor-widget elementor-widget-heading\" data-id=\"2dbee90\" data-element_type=\"widget\" data-widget_type=\"heading.default\"><div class=\"elementor-widget-container\"><h6 class=\"elementor-heading-title elementor-size-default\">M\u00fc\u015fteri Memnuniyeti<\/h6><\/div><\/div><div class=\"elementor-element elementor-element-a0b3dac elementor-widget elementor-widget-text-editor\" data-id=\"a0b3dac\" data-element_type=\"widget\" data-widget_type=\"text-editor.default\"><div class=\"elementor-widget-container\"><p>Geni\u015f \u00c7apl\u0131 ve Mutlu M\u00fc\u015fteri Odakl\u0131 Portf\u00f6y\u00fcm\u00fcz<\/p><\/div><\/div>\t\t\t\t\t\t<\/div>\n\t\t\t\t<\/div>\n\t\t\t\t<div class=\"elementor-element elementor-element-92058fb elementor-widget elementor-widget-heading\" data-id=\"92058fb\" data-element_type=\"widget\" data-widget_type=\"heading.default\">\n\t\t\t\t<div class=\"elementor-widget-container\">\n\t\t\t<h6 class=\"elementor-heading-title elementor-size-default\">04.<\/h6>\t\t<\/div>\n\t\t\t\t<\/div>\n\t\t\t\t<div class=\"elementor-element elementor-element-3d1dfec elementor-widget elementor-widget-text-editor\" data-id=\"3d1dfec\" data-element_type=\"widget\" data-widget_type=\"text-editor.default\">\n\t\t\t\t<div class=\"elementor-widget-container\">\n\t\t\t\t\t\t\t<div class=\"elementor-element elementor-element-ac2b238 elementor-widget elementor-widget-heading\" data-id=\"ac2b238\" data-element_type=\"widget\" data-widget_type=\"heading.default\"><div class=\"elementor-widget-container\"><h6 class=\"elementor-heading-title elementor-size-default\">H\u0131zl\u0131 \u00c7\u00f6z\u00fcm<\/h6><\/div><\/div><div class=\"elementor-element elementor-element-3d1dfec elementor-widget elementor-widget-text-editor\" data-id=\"3d1dfec\" data-element_type=\"widget\" data-widget_type=\"text-editor.default\"><div class=\"elementor-widget-container\"><p>Profesyonel ekibiz sayesinde t\u00fcm i\u015flemlerinizi en k\u0131sa s\u00fcrede \u00e7\u00f6z\u00fcme kavu\u015fturuyoruz<\/p><\/div><\/div>\t\t\t\t\t\t<\/div>\n\t\t\t\t<\/div>\n\t\t\t\t\t<\/div>\n\t\t<\/div>\n\t\t\t\t\t\t\t<\/div>\n\t\t<\/section>\n\t\t\t\t\t<\/div>\n\t\t<\/div>\n\t\t\t\t\t\t\t<\/div>\n\t\t<\/section>\n\t\t\t\t<section class=\"elementor-section elementor-top-section elementor-element elementor-element-d508369 elementor-section-boxed elementor-section-height-default elementor-section-height-default\" data-id=\"d508369\" data-element_type=\"section\">\n\t\t\t\t\t\t<div class=\"elementor-container elementor-column-gap-default\">\n\t\t\t\t\t<div class=\"elementor-column elementor-col-100 elementor-top-column elementor-element elementor-element-6ac87d9 ot-flex-column-vertical\" data-id=\"6ac87d9\" data-element_type=\"column\">\n\t\t\t<div class=\"elementor-widget-wrap elementor-element-populated\">\n\t\t\t\t\t\t\t\t<div class=\"elementor-element elementor-element-ba1b9a0 elementor-widget elementor-widget-image\" data-id=\"ba1b9a0\" data-element_type=\"widget\" data-widget_type=\"image.default\">\n\t\t\t\t<div class=\"elementor-widget-container\">\n\t\t\t\t\t\t\t\t\t\t\t\t\t\t\t<img loading=\"lazy\" decoding=\"async\" width=\"1024\" height=\"615\" src=\"http:\/\/safakdamper.com\/wp-content\/uploads\/2021\/12\/WhatsApp-Image-2021-12-03-at-11.20.39-1-1024x615.jpeg\" class=\"attachment-large size-large\" alt=\"\" srcset=\"http:\/\/safakdamper.com\/wp-content\/uploads\/2021\/12\/WhatsApp-Image-2021-12-03-at-11.20.39-1-1024x615.jpeg 1024w, http:\/\/safakdamper.com\/wp-content\/uploads\/2021\/12\/WhatsApp-Image-2021-12-03-at-11.20.39-1-300x180.jpeg 300w, http:\/\/safakdamper.com\/wp-content\/uploads\/2021\/12\/WhatsApp-Image-2021-12-03-at-11.20.39-1-768x461.jpeg 768w, http:\/\/safakdamper.com\/wp-content\/uploads\/2021\/12\/WhatsApp-Image-2021-12-03-at-11.20.39-1.jpeg 1071w\" sizes=\"auto, (max-width: 1024px) 100vw, 1024px\" \/>\t\t\t\t\t\t\t\t\t\t\t\t\t\t\t<\/div>\n\t\t\t\t<\/div>\n\t\t\t\t\t<\/div>\n\t\t<\/div>\n\t\t\t\t\t\t\t<\/div>\n\t\t<\/section>\n\t\t\t\t\t\t<\/div>\n\t\t\t\t\t<\/div>\n\t\t","protected":false},"excerpt":{"rendered":"<p>[ hakk\u0131m\u0131zda ] Biz Kimiz ? 01. Yarat\u0131c\u0131 Fikirler Damper imalat\u0131nda kendimize \u00f6zel modellere sahip patentli tasar\u0131mlar\u0131m\u0131z ile faaliyet g\u00f6stermekteyiz 02. Uygun Fiyat Fiyatlar\u0131m\u0131zla Piyasada Her Zaman Rekabet\u00e7iyiz. 03. M\u00fc\u015fteri Memnuniyeti Geni\u015f \u00c7apl\u0131 ve Mutlu M\u00fc\u015fteri Odakl\u0131 Portf\u00f6y\u00fcm\u00fcz 04. H\u0131zl\u0131 \u00c7\u00f6z\u00fcm Profesyonel ekibiz sayesinde t\u00fcm i\u015flemlerinizi en k\u0131sa s\u00fcrede \u00e7\u00f6z\u00fcme kavu\u015fturuyoruz<\/p>\n","protected":false},"author":1,"featured_media":0,"parent":0,"menu_order":0,"comment_status":"closed","ping_status":"closed","template":"","meta":{"footnotes":""},"class_list":["post-2124","page","type-page","status-publish","hentry"],"_links":{"self":[{"href":"http:\/\/safakdamper.com\/index.php\/wp-json\/wp\/v2\/pages\/2124","targetHints":{"allow":["GET"]}}],"collection":[{"href":"http:\/\/safakdamper.com\/index.php\/wp-json\/wp\/v2\/pages"}],"about":[{"href":"http:\/\/safakdamper.com\/index.php\/wp-json\/wp\/v2\/types\/page"}],"author":[{"embeddable":true,"href":"http:\/\/safakdamper.com\/index.php\/wp-json\/wp\/v2\/users\/1"}],"replies":[{"embeddable":true,"href":"http:\/\/safakdamper.com\/index.php\/wp-json\/wp\/v2\/comments?post=2124"}],"version-history":[{"count":5,"href":"http:\/\/safakdamper.com\/index.php\/wp-json\/wp\/v2\/pages\/2124\/revisions"}],"predecessor-version":[{"id":4714,"href":"http:\/\/safakdamper.com\/index.php\/wp-json\/wp\/v2\/pages\/2124\/revisions\/4714"}],"wp:attachment":[{"href":"http:\/\/safakdamper.com\/index.php\/wp-json\/wp\/v2\/media?parent=2124"}],"curies":[{"name":"wp","href":"https:\/\/api.w.org\/{rel}","templated":true}]}}